 3, 29
What are the prime factors of 23643?
3, 37, 71
List the prime factors of 521.
521
List the prime factors of 48703.
113, 431
List the prime factors of 7073.
11, 643
What are the prime factors of 229?
229
List the prime factors of 15165.
3, 5, 337
What are the prime factors of 936?
2, 3, 13
What are the prime factors of 36814?
2, 79, 233
List the prime factors of 21355.
5, 4271
What are the prime factors of 159439?
7, 22777
List the prime factors of 87915.
3, 5, 5861
List the prime factors of 14936.
2, 1867
List the prime factors of 325.
5, 13
What are the prime factors of 6597?
3, 733
List the prime factors of 1012.
2, 11, 23
List the prime factors of 436.
2, 109
What are the prime factors of 426?
2, 3, 71
What are the prime factors of 71311?
29, 2459
What are the prime factors of 88226?
2, 31, 1423
What are the prime factors of 139860?
2, 3, 5, 7, 37
What are the prime factors of 9298?
2, 4649
What are the prime factors of 6002?
2, 3001
What are the prime factors of 375?
3, 5
List the prime factors of 23652.
2, 3, 73
What are the prime factors of 178?
2, 89
What are the prime factors of 92217?
3, 59, 521
List the prime factors of 8495.
5, 1699
What are the prime factors of 8074?
2, 11, 367
What are the prime factors of 4753?
7, 97
What are the prime factors of 13124?
2, 17, 193
What are the prime factors of 415?
5, 83
List the prime factors of 27876.
2, 3, 23, 101
List the prime factors of 4087.
61, 67
What are the prime factors of 22536?
2, 3, 313
What are the prime factors of 16999?
89, 191
List the prime factors of 1568.
2, 7
List the prime factors of 1824.
2, 3, 19
List the prime factors of 56369.
56369
List the prime factors of 12754.
2, 7, 911
List the prime factors of 1607.
1607
What are the prime factors of 3589?
37, 97
What are the prime factors of 40309?
173, 233
List the prime factors of 63170.
2, 5, 6317
What are the prime factors of 12987?
3, 13, 37
What are the prime factors of 6173?
6173
What are the prime factors of 9622?
2, 17, 283
What are the prime factors of 83309?
227, 367
List the prime factors of 1178.
2, 19, 31
What are the prime factors of 1734?
2, 3, 17
List the prime factors of 3881.
3881
What are the prime factors of 1096?
2, 137
What are the prime factors of 4553?
29, 157
What are the prime factors of 8905?
5, 13, 137
List the prime factors of 5421.
3, 13, 139
What are the prime factors of 1571?
1571
What are the prime factors of 3941?
7, 563
What are the prime factors of 1121?
19, 59
What are the prime factors of 6216?
2, 3, 7, 37
List the prime factors of 752.
2, 47
List the prime factors of 13200.
2, 3, 5, 11
What are the prime factors of 29547?
3, 7, 67
What are the prime factors of 28772?
2, 7193
List the prime factors of 3606.
2, 3, 601
List the prime factors of 1614.
2, 3, 269
List the prime factors of 7064.
2, 883
What are the prime factors of 48218?
2, 24109
List the prime factors of 4514.
2, 37, 61
List the prime factors of 21612.
2, 3, 1801
List the prime factors of 88229.
83, 1063
List the prime factors of 40492.
2, 53, 191
List the prime factors of 91395.
3, 5, 677
What are the prime factors of 34554?
2, 3, 13, 443
List the prime factors of 5095.
5, 1019
What are the prime factors of 170895?
3, 5, 11393
What are the prime factors of 2178?
2, 3, 11
List the prime factors of 533.
13, 41
What are the prime factors of 117416?
2, 13, 1129
List the prime factors of 1249.
1249
List the prime factors of 31546.
2, 15773
List the prime factors of 17872.
2, 1117
What are the prime factors of 1656?
2, 3, 23
List the prime factors of 1693.
1693
List the prime factors of 495.
3, 5, 11
List the prime factors of 16972.
2, 4243
List the prime factors of 6102.
2, 3, 113
What are the prime factors of 3068?
2, 13, 59
What are the prime factors of 8901?
3, 23, 43
List the prime factors of 1480.
2, 5, 37
What are the prime factors of 7457?
7457
List the prime factors of 33960.
2, 3, 5, 283
List the prime factors of 3081.
3, 13, 79
What are the prime factors of 96926?
2, 48463
What are the prime factors of 137717?
17, 8101
List the prime factors of 6110.
2, 5, 13, 47
List the prime factors of 37903.
29, 1307
List the prime factors of 33063.
3, 103, 107
What are the prime factors of 2161?
2161
List the prime factors of 16993.
16993
What are the prime factors of 1223?
1223
What are the prime factors of 22925?
5, 7, 131
List the prime factors of 22625.
5, 181
What are the prime factors of 3412?
2, 853
What are the prime factors of 540?
2, 3, 5
List the prime factors of 24184.
2, 3023
What are the prime factors of 1057?
7, 151
What are the prime factors of 23643?
3, 37, 71
What are the prime factors of 40367?
37, 1091
What are the prime factors of 1395?
3, 5, 31
What are the prime factors of 12015?
3, 5, 89
List the prime factors of 995.
5, 199
List the prime factors of 7187.
7187
What are the prime factors of 55728?
2, 3, 43
What are the prime factors of 5298?
2, 3, 883
List the prime factors of 900.
2, 3, 5
What are the prime factors of 4000?
2, 5
What are the prime factors of 48976?
2, 3061
List the prime factors of 2789.
2789
List the prime factors of 5928.
2, 3, 13, 19
What are the prime factors of 637?
7, 13
What are the prime factors of 51769?
51769
List the prime factors of 3784.
2, 11, 43
List the prime factors of 1026.
2, 3, 19
What are the prime factors of 11742?
2, 3, 19, 103
What are the prime factors of 79151?
79151
List the prime factors of 27459.
3, 113
List the prime factors of 1791.
3, 199
What are the prime factors of 46037?
19, 2423
List the prime factors of 799.
17, 47
What are the prime factors of 10464?
2, 3, 109
What are the prime factors of 44793?
3, 7, 79
List the prime factors of 3030.
2, 3, 5, 101
List the prime factors of 54975.
3, 5, 733
List the prime factors of 10694.
2, 5347
List the prime factors of 644.
2, 7, 23
What are the prime factors of 97833?
3, 32611
List the prime factors of 1628.
2, 11, 37
List the prime factors of 31356.
2, 3, 13, 67
List the prime factors of 470.
2, 5, 47
What are the prime factors of 16?
2
What are the prime factors of 3416?
2, 7, 61
List the prime factors of 53340.
2, 3, 5, 7, 127
List the prime factors of 9169.
53, 173
List the prime factors of 371.
7, 53
List the prime factors of 3188.
2, 797
List the prime factors of 10893.
3, 3631
What are the prime factors of 9038?
2, 4519
What are the prime factors of 1503?
3, 167
What are the prime factors of 2524?
2, 631
List the prime factors of 2393.
2393
What are the prime factors of 23429?
7, 3347
List the prime factors of 1478.
2, 739
What are the prime factors of 1163?
1163
List the prime factors of 22212.
2, 3, 617
What are the prime factors of 113768?
2, 14221
What are the prime factors of 10170?
2, 3, 5, 113
What are the prime factors of 4457?
4457
List the prime factors of 16661.
16661
List the prime factors of 54396.
2, 3, 1511
List the prime factors of 7920.
2, 3, 5, 11
List the prime factors of 48800.
2, 5, 61
What are the prime factors of 685?
5, 137
List the prime factors of 26643.
3, 83, 107
What are the prime factors of 1329?
3, 443
What are the prime factors of 3383?
17, 199
What are the prime factors of 2870?
2, 5, 7, 41
List the prime factors of 10874.
2, 5437
List the prime factors of 1080.
2, 3, 5
What are the prime factors of 178?
2, 89
What are the prime factors of 8144?
2, 509
What are the prime factors of 2111?
2111
List the prime factors of 257.
257
What are the prime factors of 6658?
2, 3329
List the prime factors of 28160.
2, 5, 11
List the prime factors of 1450.
2, 5, 29
What are the prime factors of 969?
3, 17, 19
What are the prime factors of 1591?
37, 43
List the prime factors of 8134.
2, 7, 83
What are the prime factors of 31831?
139, 229
List the prime factors of 5604.
2, 3, 467
List the prime factors of 17798.
2, 11, 809
List the prime factors of 1349.
19, 71
What are the prime factors of 1217?
1217
What are the prime factors of 2800?
2, 5, 7
List the prime factors of 53885.
5, 13, 829
What are the prime factors of 3941?
7, 563
List the prime factors of 1182.
2, 3, 197
What are the prime factors of 4396?
2, 7, 157
What are the prime factors of 40064?
2, 313
List the prime factors of 20.
2, 5
What are the prime factors of 202?
2, 101
List the prime factors of 1136.
2, 71
List t